0*o + 9152. What is the greatest common divisor of 748 and o?
44
Let h = 54 - 34. Suppose 7*l - h = 3*l. Suppose 0 = 5*x - 2*f - f - 93, 0 = -5*x + l*f + 85. Calculate the greatest common factor of 14 and x.
7
Suppose 7*c - 748 = 3*c. Let a = -8 + 13. Let i = 22 - a. What is the greatest common divisor of c and i?
17
Let g = -495 + 963. What is the greatest common factor of 52 and g?
52
Suppose -67*c + 39 = 3*y - 62*c, 2 = y - 2*c. Calculate the greatest common factor of y and 76.
4
Let p(z) = z**2 - 16*z. Let i be p(16). Let h = i + 18. Calculate the highest common divisor of 144 and h.
18
Let l(z) = 17*z + 185. Let m be l(25). Calculate the greatest common divisor of m and 10.
10
Suppose 24 = 5*o - o. Let k be 1/(5/80) + 2. Calculate the greatest common factor of o and k.
6
Let f be (-130)/(-22) - 129/(-1419). Suppose -5*u + 4 = -5*v - 6, -15 = 3*u. Let r = -1 - v. What is the highest common factor of f and r?
6
Suppose -8*t + 2184 = -4*t - 3*d, -t + 2*d + 546 = 0. Calculate the highest common divisor of t and 84.
42
Suppose 0 = -4*o + 2*j - 4*j + 16, 0 = 2*j. Suppose 3*b + o*g = 2*b - 4, 4*b - 69 = g. Calculate the greatest common factor of b and 4.
4
Suppose 636 = 5*o + 3*m, 0 = 4*o + m - 481 - 25. What is the greatest common divisor of o and 28?
14
Let j(d) = -7 - 5*d + 2*d - 35. Let g be j(-20). Suppose 2*t - 4 = l + 18, -11 = -3*t - 4*l. Calculate the greatest common factor of g and t.
9
Let c(w) = w**3 + 11*w**2 + 10*w - 16. Let m be c(-7). Suppose 0 = -8*o + 6*o + m. Let j be 24 + 1/((-2)/4). What is the greatest common factor of j and o?
11
Suppose -7*j + 162 - 22 = 0. Let t be (-1936)/(-14) + 8/(-28). Let x = t + -98. Calculate the highest common divisor of x and j.
20
Suppose -58*n + 656 = -40. What is the highest common divisor of 16 and n?
4
Suppose -o = 7*o - 3744. What is the greatest common factor of o and 52?
52
Suppose -2*n + 3*n - 23 = -4*g, -5*n + 51 = 4*g. Let t be (8/n)/2 - (-38)/7. What is the highest common factor of 48 and t?
6
Let w be -15 - -8 - -7 - -2. Let b be 1 - 1 - (-6 - -4). Suppose -3*j - 5*v = -39, b*v - 6*v - 66 = -3*j. What is the highest common factor of w and j?
2
Let s(b) = -b**3 + 11*b**2 - 9*b + 122. Let f be s(10). Calculate the highest common divisor of f and 8.
4
Let f be (1 + 351/(-21))/(10/(-70)). What is the greatest common factor of 176 and f?
22
Let y(t) = 3*t - 2. Let x be y(1). Let g be (x/(-1))/(7/(-210)). Calculate the highest common factor of g and 15.
15
Let o(n) = n + 7. Let v be o(10). Let f = v + -14. What is the highest common factor of f and 6?
3
Suppose 231 = 5*s + 2566. Let x = -298 - s. Calculate the greatest common factor of x and 13.
13
Let x = -1736 - -1753. What is the highest common factor of 442 and x?
17
Let d be -1 + 5 + 17 + 0. What is the greatest common factor of d and 231?
21
Let i(s) = 3*s**2 - 7*s - 12. Let x(m) = -5*m + 20. Let n be x(5). Let k be i(n). Let y = -20 + 34. Calculate the greatest common divisor of k and y.
14
Suppose 10*q - 845 = 115. What is the highest common divisor of q and 352?
32
Let r = -41 - -39. Let k = r - -37. Calculate the highest common factor of 5 and k.
5
Let r(o) = o**2 - 9*o + 17. Let j be r(7). Let d be 74/3 + 1/j. Calculate the greatest common factor of 25 and d.
25
Let w be 276/(-184)*(-10)/3. Calculate the greatest common divisor of w and 31.
1
Suppose 23 = 2*g + 15. Suppose 2 - 1 = l. Suppose -f - l = -2. Calculate the highest common factor of g and f.
1
Let j = 1125 - 1116. Let p = 107 - 62. Calculate the highest common factor of j and p.
9
Let r = -74 + 128. Let y(w) = w**2 - 3. Let d be y(3). Calculate the highest common factor of r and d.
6
Let u = 22 + 14. Suppose 29 = v + 3. Let k = v - 22. Calculate the highest common factor of u and k.
4
Let p = 8 + -2. Let o be 3640/39 - 2/p. Suppose -2*z = -2, -3*a = -3*z - 162 - 21. Calculate the greatest common divisor of o and a.
31
Let d(x) = 2*x**2 + 21*x + 78. Let z be d(-17). What is the greatest common divisor of 69 and z?
23
Let n(y) = 56*y**2 + 5*y - 7. Let r be n(1). Calculate the highest common divisor of r and 54.
54
Suppose 5*l + 19 = 4*s + 10*l, s - 2 = -4*l. Calculate the greatest common factor of s and 3.
3
Suppose n = -0 + 1, -18 = -2*t - 4*n. What is the highest common divisor of t and 252?
7
Let h be 10 - (3/1 - (2 - -1)). Suppose -2*p + 74 = h. What is the highest common divisor of 16 and p?
16
Let m = -4 - -7. Suppose -5*o - m*v + 192 = -66, 4*o + 4*v - 200 = 0. Suppose 2 = 2*q - 3*q, -2*l + 2 = 5*q. What is the highest common factor of o and l?
6
Let c = -31 + 25. Let i be (1100/c)/(-5)*3. Let f be (-4)/((8/(-10))/2). What is the highest common factor of i and f?
10
Suppose 2*d = -3*w + 14, -3*w - 2*w = d - 21. Let g(p) = 5*p**2 + 2*p - 1. Let m be g(d). What is the greatest common factor of 66 and m?
6
Let s be ((-4)/10)/((-3)/15). Suppose 8*r - 130 + 2 = 0. What is the greatest common factor of r and s?
2
Suppose 0 = 5*d - 2*i - 123, 0*d + 5*i - 72 = -4*d. Let y = d + -11. Calculate the greatest common factor of y and 108.
12
Let j = -142 - -205. Calculate the greatest common factor of j and 252.
63
Suppose 11*z - 1764 = -10*z. Let v be 144/(-48) + (1*z - 1). What is the highest common divisor of v and 32?
16
Suppose 0 = -i - 2*s + 3, 3 = 4*s + 15. Let n = i - -5. Calculate the highest common divisor of 14 and n.
14
Let s = 808 + -260. What is the highest common factor of s and 4?
4
Let a = 12447 + -12420. Suppose 4*s = 7 + 9. Suppose -4*o + 2*t + 44 = 0, -s*o - 3*t + 17 + 7 = 0. Calculate the highest common divisor of o and a.
9
Suppose -5*x + 5*c + 38 = c, -4*c = 5*x - 62. What is the highest common divisor of x and 36?
2
Suppose -5*m + 285 = -5*k + 25, 5*m + 4*k - 305 = 0. Calculate the highest common divisor of m and 228.
57
Let n(t) = -t - 1. Let m be n(-4). Let l = -114 + 126. Let g be (1 - 5/2)/((-6)/l). Calculate the greatest common factor of m and g.
3
Let q(x) = x**2 - 8*x + 9. Let f be q(4). Let z be (0 + -3)*f/(-42)*-74. What is the greatest common factor of z and 111?
37
Let a(x) = 24*x**3 - 4*x**2 + 9*x - 7. Let y be a(1). Let t be 65/3 - 1/(-3). Calculate the greatest common divisor of y and t.
22
Suppose -502*o - 140 = -507*o. What is the greatest common factor of 308 and o?
28
Let u be 9/3 - (-217)/7. What is the highest common divisor of 1088 and u?
34
Let a be 44/66 + (-50)/(-6). What is the highest common factor of a and 279?
9
Suppose 0 = 48*w - 232 - 8. Let b be (-1)/((2 - 3)/5). What is the highest common divisor of w and b?
5
Suppose -1214 = -9*c + 136. Calculate the highest common divisor of 100 and c.
50
Let i be ((-2)/(-1))/((-1)/(-6)). Let h(a) = -23*a - 10. Let p be h(-2). Suppose 2*l - p = -i. Calculate the highest common divisor of l and 84.
12
Let n = -16 + -1. Let v = n + 19. Suppose -3*j - v*j = -25. Calculate the greatest common divisor of j and 40.
5
Let x be 2 + 0 - 2/(-1). Let a(k) = -k**3 - 7*k**2 - 7*k - 15. Let r be a(-8). Suppose x*q + r = 649. Calculate the highest common divisor of 17 and q.
17
Let c = 2701 + -2698. Suppose -4 = -4*k, -2*p - k + 4*k = -39. Calculate the greatest common factor of c and p.
3
Let z be 17 - 11/(55/20). Let x be -3*(-6)/(-9)*(-1 - z). What is the greatest common divisor of x and 35?
7
Suppose -4*n = 6*b - 9*b + 183, -4*n + 142 = 2*b. Calculate the greatest common factor of b and 221.
13
Let q = -12 - 8. Let c be (-1)/(64/q - -3). Let h(i) = 4*i**2 - i - 4. Let a be h(c). Calculate the highest common factor of a and 13.
13
Let k(i) = -2*i + 14. Let a be k(6). Let g be 35/a + 1/2. Let r(q) = 4*q**2 + 2*q. Let m be r(-2). What is the greatest common divisor of m and g?
6
Let l be ((-180)/7)/(213/(-1988)). Calculate the highest common factor of 440 and l.
40
Let r = -58 + 82. Suppose 4*i - 24 = 3*a, -4*i + a = -0*a - r. Calculate the highest common divisor of 4 and i.
2
Let y be (2 + -1 - -1)*(-15)/30. Let n be (4 - 64/12)/(y/18). Calculate the greatest common factor of n and 40.
8
Let m(w) = w**2 + 2*w + 3. Let u be m(3). Suppose -4*o - 8 = 0, 0 = -2*s + 3*o - 2*o + u. What is the highest common factor of s and 88?
8
Let h be (-8)/(-10)*(-9)/((-126)/35). Suppose 7*g = -2*d + 4*g + 18, 3*d + h*g - 37 = 0. What is the highest common factor of d and 75?
15
Suppose 4*g = -38 + 218. Calculate